se 0*q - 2*i + 36 = 4*q, q = -4*i - 5. Let l(y) = y**2 - 24*y + 19. Let z be l(25). Calculate the highest common divisor of z and q.
11
Suppose 0 = -4*a + 96 - 24. Suppose -3*c = -0*c - a. Let i be (9/c)/((-2)/(-24)). Calculate the highest common factor of i and 9.
9
Suppose -2*j - 6 = -j. Let x be (-57)/j - (-3)/6. Suppose 5*d + 4*g + 1 - 6 = 0, -g = 4*d - 15. Calculate the greatest common divisor of d and x.
5
Suppose 4*c + 3*c - 1666 = 0. Calculate the greatest common factor of c and 14.
14
Let p(h) = -h**2 - 10*h - 6. Let i be p(-9). Suppose -o + 0 - 13 = -3*c, -9 = i*c. Let l be o/(-3) + (-2)/6. What is the greatest common divisor of l and 7?
7
Let n(f) = -f - 6. Let r be n(-6). Suppose 4*u = -r*u + 12. Let i be ((-8)/u)/((-12)/126). What is the highest common factor of 70 and i?
14
Let r(y) = y**2 + 4. Let l be r(-6). Let z be (1/(-2))/(3/(-96)). What is the greatest common factor of l and z?
8
Suppose -4*x = -4*y + 56, 0*x + y = 3*x + 34. Let s be (-12)/(-15) + (-2)/x. What is the highest common factor of s and 8?
1
Let x be (2/1 + 8)/2. What is the greatest common divisor of 20 and x?
5
Let c(h) = 2*h**2. Let n be c(-1). Let w = 232 + -210. Calculate the greatest common divisor of n and w.
2
Let z = 38 + -22. Calculate the greatest common divisor of z and 32.
16
Let b(s) = -2*s**3 - s**2 - s. Let j be b(-1). Suppose j*x + 0 = -4, -2*x - 64 = 5*l. Let n be (80/(-3))/(2/l). Calculate the highest common factor of 20 and n.
20
Let k = -37 - -21. Let i = k + 27. Suppose i + 39 = 5*r. What is the highest common divisor of 80 and r?
10
Let u(j) = -6*j. Let q be u(-1). Let v be 135/6*8/q. Calculate the highest common divisor of v and 10.
10
Let w = 68 + -35. Calculate the highest common factor of 55 and w.
11
Let d(g) = 2*g**2 + 8*g - 8. Suppose 3*z = a + 20, 0 = -3*z - 0 + 12. Let t be d(a). Let k = t + -36. What is the highest common divisor of 220 and k?
20
Let x(k) = -2*k + 20. Let m be x(-10). Suppose o + 4*r = 0, 2*o + 0*r - 7 = -r. What is the highest common factor of o and m?
4
Let o(l) = -l - 10. Let m be o(-7). Let t be 36 - (m - -3)/(-2). Calculate the greatest common factor of t and 4.
4
Let f(k) = -42*k - 7. Let d be f(-2). Let c(a) = a**3 + 6*a**2 + 2*a - 4. Let q be c(-5). Calculate the greatest common factor of q and d.
11
Suppose -5 = -2*x - 1. Suppose -21 + 61 = -x*s. Let w = -4 - s. Calculate the greatest common divisor of 64 and w.
16
Let d = 130 + -85. Calculate the highest common divisor of d and 5.
5
Let b(o) be the first derivative of o**4/4 + 2*o**3 + 3*o**2 - 5*o - 1. Let s be b(-4). What is the greatest common divisor of 3 and s?
3
Suppose q + 1 = 0, 0 = 5*f - 3*q - 2*q - 160. Calculate the greatest common factor of 124 and f.
31
Suppose -2*s + 70 = -5*v, -5*s + 0*s + v = -175. Let c be 2/(-11) - 72/(-33). Suppose c*j = -j + 15. Calculate the highest common divisor of j and s.
5
Let u = -15 - 145. Let a be u/(-1) + -3 + -3. Let h(z) = 2*z**3 - z. Let b be h(2). What is the greatest common factor of a and b?
14
Let o(p) = 34*p - 2. Let f be o(1). Calculate the highest common divisor of f and 128.
32
Let p(y) = y**2. Let l(u) = 7*u**2 + 11*u + 14. Let v(q) = l(q) - 6*p(q). Let o be v(-10). Calculate the highest common divisor of o and 44.
4
Let p(c) = 2*c**2 - 4*c + 5. Let y be p(5). Suppose -3*b + 7*b + v = y, 2*b - 20 = 2*v. Let t = b - 4. What is the highest common divisor of t and 45?
5
Suppose 66 = -q + 2*q. Suppose -l + q = 2*l. Calculate the greatest common factor of l and 2.
2
Let h = -13 - -20. Let z be (-3*1)/(-3) - -76. What is the greatest common factor of z and h?
7
Let c be (4/(-2))/(2/(-43)). Suppose -v = 3 - c. Calculate the highest common factor of 8 and v.
8
Let k = -28 + 55. Let i be (486/(-36))/(2/(-36)). What is the highest common factor of i and k?
27
Suppose -4*t - 16 = -4*p, -8*p + 5*p = 2*t - 12. Let w be (3 - (1 + -1))*4. What is the highest common divisor of w and p?
4
Suppose 9 = 4*u - 407. Let c be (6 - -2) + 1*-2. Suppose 0 = -2*i - 3*y - y + c, 5*i = 5*y + 90. Calculate the greatest common divisor of i and u.
13
Let u be 3038/12 + 14/(-84). What is the highest common divisor of u and 11?
11
Let c(s) = 2*s + 8 - 4 + 7 - 3*s. Let b be c(10). What is the highest common factor of b and 1?
1
Let k be 83 - (-6)/((-2)/1). What is the highest common divisor of k and 10?
10
Suppose 0 = -3*t - 0*t - 441. Let o be (24/(-14))/(6/t). Suppose 0 = -16*i + 17*i - 6. Calculate the highest common divisor of i and o.
6
Suppose -14*z - 140 = -18*z. Calculate the highest common factor of 5 and z.
5
Let l(o) = -o**2 + 10*o + 12. Let y be l(10). Let p = y - 7. Let m be (4/p)/(2/15). Calculate the greatest common factor of m and 3.
3
Let v = 0 + 3. Suppose -4*k = -3*c + 3 - 1, v*k - 5*c = -7. Let l be k/3*(4 + 35). What is the greatest common factor of 13 and l?
13
Suppose 3*z - 17 = -2. Let y = 6 - z. Calculate the greatest common divisor of 11 and y.
1
Let l(r) = -r**3 + 3*r**2 + 3*r - 1. Let d be l(3). What is the highest common factor of d and 8?
8
Suppose 0 = 6*b - 3*b. Let m be 1/5 + 56/20. Let o = b + m. What is the highest common divisor of 27 and o?
3
Let k(a) = a**3 + 23*a**2 + 22*a + 18. Let t be k(-22). Calculate the greatest common factor of t and 99.
9
Let u be ((-17)/(-2))/((-3)/(-186)). Let y be 16/(-56) + u/7. What is the highest common factor of y and 30?
15
Let n(o) = o**3 - 11*o**2 + 16. Let l be n(11). Calculate the greatest common factor of 176 and l.
16
Let b(j) = -j**2 + 17*j - 6. Let r be b(16). Calculate the greatest common factor of 90 and r.
10
Let l(q) = -q**2 - 4*q + 1. Let b be l(-3). Suppose -2*z - b + 16 = 0. What is the greatest common divisor of 24 and z?
6
Let f = 25 - 17. Suppose f = 2*j - h - 44, -3*j + 3*h + 84 = 0. Let x(g) = -g**2 + 7*g + 6. Let k be x(6). What is the greatest common factor of j and k?
12
Let k(x) = x**3 + 8*x**2 + 7*x + 8. Let g be k(-7). Calculate the highest common factor of g and 72.
8
Let x = 1 - -39. Let b = 13 + -8. What is the greatest common factor of x and b?
5
Let l = -129 - -131. Calculate the greatest common factor of l and 1.
1
Let u be 23/2*4/2. Let w be 414/(1/(2/4)). What is the greatest common factor of u and w?
23
Let h be (-5)/25 - ((-363)/15 + 2). What is the highest common divisor of 2 and h?
2
Suppose -c + 200 = 9*c. Calculate the highest common divisor of c and 40.
20
Let s = 68 - 48. Calculate the highest common factor of 80 and s.
20
Let s(a) = -4*a**2 - a. Let j be s(-1). Let m be ((-24)/(-5))/(j/(-15)). Calculate the greatest common divisor of 8 and m.
8
Suppose 4*t - 2*u = 122, -5*t + 2*u + 130 = -24. What is the highest common divisor of t and 32?
32
Let u be ((-9)/(-4))/3*-4. Let y be (-10)/u*(-69)/(-2). Calculate the greatest common factor of y and 46.
23
Let b be 1 - (-3)/9*0. Let n(x) = 7 - 9 - 5*x - b. Let l be n(-3). Calculate the highest common divisor of l and 132.
12
Let v(h) = -6*h - 15. Let o be v(-10). Let y = -4 - -2. Let k(l) = 3*l**2 - 2*l - 1. Let w be k(y). Calculate the greatest common divisor of o and w.
15
Let s(u) = -13*u + 1. Let i be s(-1). Let j = 14 + i. What is the greatest common divisor of j and 42?
14
Let c be (1 - (3 + -6))*1. Let v(o) = 7 + o**2 + 7 - 6. Let g be v(0). Calculate the highest common factor of g and c.
4
Suppose -108 = -y - 3*y. Let z = -5 - -11. Let s be 9 + z/2 + -3. Calculate the highest common factor of y and s.
9
Let s be -1 + (-15)/(-12) - (-7)/4. What is the highest common divisor of s and 8?
2
Let i(p) = -p**2 - 7*p - 7. Let v be i(-5). Let b = 2 + v. Let m be 2/((-2)/(5 + -25)). Calculate the greatest common factor of b and m.
5
Let a be 5/10*6*48. Calculate the highest common divisor of 16 and a.
16
Let m be 2 + (26 - (4 - 4)). Calculate the greatest common factor of 42 and m.
14
Let v be 17*2*(-3)/2. Let h = -35 - v. Let o(k) = 5*k - 2. Let x be o(2). Calculate the highest common factor of h and x.
8
Let u(w) = 4*w**2 + 7*w + 10. Let r be u(-6). Calculate the highest common divisor of 28 and r.
28
Let g = -6 + 13. Let f(j) = j**3 - 7*j**2 + 2. Let h be f(g). Calculate the greatest common divisor of 16 and h.
2
Suppose -104 + 2 = -6*d. Calculate the greatest common divisor of d and 187.
17
Suppose -4*u = -9*u + 10. Calculate the greatest common factor of 22 and u.
2
